6. Give h(6).
12
Let y(a) = 9*a - 10. Calculate y(5).
35
Let k(z) = z**3 + 15*z**2 - 22*z - 88. Determine k(-16).
8
Let x(p) = 3*p**3 + 2*p**2 - 13*p + 12. What is x(1)?
4
Let d(z) = 2*z**3 - 51*z**2 + 32*z - 24. What is d(25)?
151
Let x(p) = -p**2 + 26*p + 66. What is x(28)?
10
Let l(c) = c**3 - 4*c**2 - 13*c + 8. What is l(6)?
2
Let c(w) = w**2 - 4*w - 7. Determine c(6).
5
Let i(t) = -t**2 + 24*t - 43. Calculate i(19).
52
Let q(k) = -2*k - 26. Calculate q(-18).
10
Let c(m) = -6*m - 15. Calculate c(-5).
15
Let d(u) = -u**3 + 8*u**2 - 3*u - 4. Give d(7).
24
Let n(v) = v**2 - 6*v - 14. Give n(7).
-7
Let w(k) = 20*k - 22. Calculate w(2).
18
Let m(w) = 54*w + 35. Give m(-1).
-19
Let o(v) = v**2 - v + 163. Give o(0).
163
Let m(n) = -10*n**2 - 260*n + 1. Give m(-26).
1
Let j(k) = 2*k + 24. Determine j(-18).
-12
Let q(b) = -b**2 - 12*b + 130. Determine q(-19).
-3
Let f(t) = -6*t + 37. What is f(6)?
1
Let u(s) = -s + 6. Calculate u(0).
6
Let q(w) = 11*w**2 + 2*w - 1. Calculate q(1).
12
Let b(n) = -6*n + 121. Calculate b(23).
-17
Let j(i) = 3*i - 11. Give j(-6).
-29
Let j(h) = 12*h + 92. Calculate j(-8).
-4
Let r(f) = f**3 - 46*f**2 - 43*f - 190. What is r(47)?
-2
Let u(d) = 3*d**3 - 3*d**2 - 5*d + 3. Calculate u(2).
5
Let q(t) = t**3 - 12*t**2 + 12*t - 12. Calculate q(11).
-1
Let g(b) = -b**3 - 6*b**2 - 4*b + 7. Calculate g(-4).
-9
Let r(p) = p - 2. Give r(-8).
-10
Let z(i) = i**3 - 15*i**2 + 22*i - 1. Calculate z(13).
-53
Let o(v) = -v**2 - 7*v + 10. Calculate o(-7).
10
Let n(l) = -l**3 - l**2 + 8*l + 5. Determine n(-2).
-7
Let l(m) = -31*m - 68. Calculate l(-2).
-6
Let n(o) = 6*o + 22. Calculate n(-3).
4
Let m(s) = -s**3 - 3*s**2 - 3*s - 8. Give m(-5).
57
Let o(z) = 8*z**2 - 6*z - 2. What is o(3)?
52
Let q(j) = j**2 + 11*j. Calculate q(-10).
-10
Let o(u) = u + 9. Give o(12).
21
Let p(v) = 56*v**2 + v + 2. What is p(-1)?
57
Let h(k) = -2*k**3 - 6*k**2 + 6*k + 5. Give h(-5).
75
Let v(y) = -4*y**3 + y**2 - 2*y + 2. What is v(2)?
-30
Let s(a) = 2*a**2 - 28*a - 99. Determine s(17).
3
Let l(u) = u**3 - 13*u**2 + 41*u - 9. Determine l(6).
-15
Let d(m) = -m**2 + 14*m + 12. What is d(14)?
12
Let v(d) = -2*d - 39. Give v(-19).
-1
Let f(d) = 5*d + 17. Give f(-6).
-13
Let x(r) = -r - 20. What is x(-19)?
-1
Let y(b) = 3*b**2 + 5*b + 2. What is y(-3)?
14
Let r(m) = -m**3 - 2*m**2 + 4*m + 10. What is r(-2)?
2
Let k(h) = h**3 - 18*h**2 + 14*h. Give k(17).
-51
Let l(z) = -z**2 - 4*z + 48. What is l(6)?
-12
Let w(j) = j**2 + 6*j + 4. Determine w(-11).
59
Let z(s) = s + 5. Determine z(15).
20
Let x(j) = -j**3 - 7*j**2 + 7*j + 7. What is x(-5)?
-78
Let r(w) = -3*w + 1. Give r(12).
-35
Let g(p) = -5*p - 158. Give g(-35).
17
Let i(f) = f**3 + 6*f**2 + f - 4. What is i(-6)?
-10
Let d(o) = 11*o + 1. Give d(-1).
-10
Let v(r) = -r + 11. Determine v(18).
-7
Let u(x) = x**3 - 23*x**2 + 20*x + 45. Calculate u(22).
1
Let b(h) = 23*h**2 + 1. Calculate b(-1).
24
Let c(f) = -2*f**2 + 20*f + 18. Determine c(11).
-4
Let v(l) = 19*l - 1116. Calculate v(58).
-14
Let l(m) = -m - 17. Determine l(-10).
-7
Let r(c) = -3*c + 11. Give r(2).
5
Let x(y) = 42*y + 33. Determine x(-1).
-9
Let q(x) = -12*x**3 + x**2 - 2*x + 1. Give q(2).
-95
Let c(i) = i - 40. Determine c(17).
-23
Let s(g) = 7*g - 11. What is s(7)?
38
Let s(z) = z**3 - 13*z**2 + 2*z - 1. Calculate s(13).
25
Let f(i) = -i**2 + 16*i + 38. Calculate f(18).
2
Let w(q) = -2*q**2 + 28*q - 55. Determine w(2).
-7
Let d(g) = -4*g**2 + 64*g + 6. What is d(16)?
6
Let n(u) = -u**3 - 5*u**2 + 3*u + 6. Give n(-4).
-22
Let r(v) = -4*v + 58. What is r(10)?
18
Let b(k) = -8*k**2 - 8*k + 3. Calculate b(-1).
3
Let t(y) = y**2 - 17*y - 6. What is t(18)?
12
Let w(l) = -22*l - 181. What is w(-8)?
-5
Let d(b) = -3*b**2 - 16*b - 10. Determine d(-7).
-45
Let j(n) = -2*n - 10. What is j(-9)?
8
Let r(q) = q - 7. What is r(-1)?
-8
Let d(p) = 12*p + 80. What is d(-7)?
-4
Let v(u) = u**3 - 10*u**2 + 7*u - 18. Calculate v(10).
52
Let g(t) = t**2 - 3*t + 2. Calculate g(-4).
30
Let h(j) = j**2 - 6*j + 8. Determine h(6).
8
Let t(f) = -6*f**2 - 2*f - 4. Determine t(-2).
-24
Let r(h) = h**2 - 17*h + 17. Give r(16).
1
Let t(w) = -11*w + 148. Give t(14).
-6
Let r(b) = -b**2 + 16*b + 29. Give r(18).
-7
Let k(f) = -f + 18. Calculate k(17).
1
Let o(b) = -3*b**2 - 16*b + 27. Give o(-6).
15
Let a(s) = 3*s - 17. Determine a(5).
-2
Let w(o) = -121*o + 6. Determine w(-1).
127
Let j(a) = -a**3 + 5*a**2 + 6*a - 5. Determine j(6).
-5
Let u(o) = o - 16. Give u(4).
-12
Let w(d) = -d - 31. Calculate w(-23).
-8
Let u(z) = z**3 - 7*z**2 - 5. Give u(7).
-5
Let w(v) = -v**3 + 13*v**2 - 12*v. Give w(12).
0
Let m(o) = o**3 - 19*o**2 - 42*o - 2. Calculate m(21).
-2
Let d(b) = 2*b + 18. Give d(-8).
2
Let o(j) = j**2 + 39*j + 100. Calculate o(-36).
-8
Let v(u) = -15*u. Calculate v(1).
-15
Let z(m) = -2*m - 35. Calculate z(0).
-35
Let t(v) = -2*v - 4. Calculate t(0).
-4
Let m(q) = 3*q + 41. What is m(-12)?
5
Let u(f) = -6*f**3 + 2*f**2 - 2*f. What is u(1)?
-6
Let s(i) = -9*i + 26. Calculate s(4).
-10
Let f(d) = 2*d**2 - 5*d - 7. Give f(6).
35
Let u(j) = -j**2 + 9*j - 3. What is u(10)?
-13
Let p(b) = -5*b**2 - 4*b + 1. Calculate p(-3).
-32
Let s(t) = -t**3 - 12*t**2 - 4*t - 30. Give s(-12).
18
Let s(v) = -18*v - 147. Determine s(-8).
-3
Let z(t) = -t**3 - 28*t**2 - 54*t - 43. Give z(-26).
9
Let j(p) = p**2 - 7*p + 6. Determine j(4).
-6
Let l(x) = -7*x - 87. What is l(-16)?
25
Let o(d) = d**2 - 6*d + 12. What is o(9)?
39
Let k(j) = -2*j - 50. Calculate k(-28).
6
Let t(x) = -x + 26. Calculate t(13).
13
Let d(i) = i - 3. Determine d(10).
7
Let d(t) = t**2 - 3*t + 2. Determine d(13).
132
Let k(p) = 2*p**2 + 29*p - 14. Calculate k(-15).
1
Let n(a) = -a**3 + 4*a**2 - 12*a + 55. Give n(4).
7
Let d(h) = h**3 - 24*h**2 + 2*h - 46. What is d(24)?
2
Let g(a) = 2*a - 36. What is g(0)?
-36
Let q(j) = j**2 - 21*j - 158. Calculate q(-6).
4
Let j(t) = -t**2 - 18*t + 4. Give j(-9).
85
Let a(n) = n**3 - 3*n**2 - 4*n - 1. What is a(4)?
-1
Let s(h) = -h**2 + 9*h + 8. Determine s(8).
16
Let y(r) = 3*r**3 + 2*r**2 + 3*r + 1. Give y(-1).
-3
Let b(r) = r**2 + 3*r - 17. Determine b(-7).
11
Let b(r) = 18*r + 91. Calculate b(-6).
-17
Let c(u) = u**3 - 12*u**2 - 12*u - 12. Calculate c(13).
1
Let t(n) = 2*n**3 - 2*n - 2. Give t(-2).
-14
Let y(r) = 14*r + 23. What is y(-2)?
-5
Let d(q) = -q - 11. Calculate d(-8).
-3
Let g(r) = -7*r - 258. Calculate g(-40).
22
Let n(b) = b**3 + 11*b**2 - 3*b - 37. What is n(-11)?
-4
Let m(i) = 34*i - 576. Give m(17).
2
Let s(q) = q**2 + 11*q - 26. Calculate s(-12).
-14
Let a(k) = 2*k**2 + 11*k - 12. Calculate a(-6).
-6
Let m(i) = -2*i**2 - 36*i - 84. Determine m(-13).
46
Let w(z) = 5*z**3 + 2*z**2 + 3*z + 2. What is w(-2)?
-36
Let o(s) = -5*s + 4. Determine o(3).
-11
Let y(n) = -3*n**2 - n + 4. Determine y(2).
-10
Let j(g) = -13*g + 23. Give j(2).
-3
Let o(m) = 3*m - 63. Give o(5).
-48
Let r(v) = v**3 - 12*v**2 + 16*v - 27. Determine r(11).
28
Let z(c) = c**3 + 7*c**2 + 11*c + 16. Calculate z(-6).
-14
Let f(o) = -o**3 + 6*o**2 + 3*o - 4. Give f(6).
14
Let f(a) = 4*a**2 + 21*a - 2. Determine f(-5).
-7
Let x(c) = 7*c**3 + 3*c**2 + 24*c - 25. Determine x(1).
9
Let b(v) = -3*v**2 - 8*v - 6. Give b(-6).
-66
Let t(s) = -s**2 + 13*s + 3. Calculate t(11).
25
Let t(z) = 2*z**2 + 19*z - 74. Determine t(-12).
-14
Let d(j) = -30*j - 450. What is d(-15)?
0
Let t(w) = -w + 6. Determine t(-17).
23
Let w(o) = 5*o + 18. Determine w(-4).
-2
Let a(g) = 4*g**3 - 12*g**2 + 19*g - 8. Calculate a(1).
3
Let k(d) = -d**3 + 18*d**2 + 21*d + 8. What is k(19)?
46
Let m(o) = -3*o - 3. Calculate m(9).
-30
Let g(y) = y**2 - 11*y + 17. Calculate g(11).
17
Let j(h) = h**3 + 2*h**2 + 2*h + 13. Calculate j(-4).
-27
Let w(l) = -l**3 - 7*l**2 + 4. Calculate w(-3).
-32
Let v(y) = y + 14. Calculate v(-5).
9
Let y(w) = -2*w - 24. Give y(-13).
2
Let h(k) = -k**2 + 4. What is h(0)?
4
Let n(r) = -r**3 - 7*r**2 + 3*r + 6. What is n(-7)?
-15
Let v(l) = l**3 + 19*l**2 + 23*l + 74. Determine v(-18).
-16
Let b(l) = l**3 - 13*l**2 + 13*l - 8. Give b(12).
4
Let g(q) = -q**3 + q**2 - q. Calculate g(4).
-52
Let c(g) = 23*g**3 + 4*g**2 - 5*g. Determine c(1).
22
Let v(r) = -r**2 - 2*r + 22. What is v(-5)?
7
Let d(r) = r - 7. What is d(-9)?
-16
Let p(s) = -s**2 + 16*s + 14. Determine p(11).
69
Let p(n) = -n**3 - 8*n**2 - 7*n - 6. What is